y 13.
11
Suppose 51*z = -58*z + 2943. What is the remainder when 339 is divided by z?
15
Let i(o) = -o**3 + 8*o**2 + 17*o - 7. Calculate the remainder when i(9) is divided by 23.
19
Let j = 18 + 9. Let g(r) = 2*r**2 - 14*r + 13. Let o be g(14). Let c = o - 129. What is the remainder when c is divided by j?
26
Suppose 1 = -j - 1. Calculate the remainder when 74 is divided by (j + (-5)/(-2))*60.
14
Suppose 0 = -2*a - 5 + 9. Suppose -a*o + 190 = 4*b - 2, -5*b + 262 = -3*o. What is the remainder when b is divided by 13?
11
Let v = -881 + 898. Let a = -18 - -25. Calculate the remainder when v is divided by a.
3
Calculate the remainder when (-214)/(-3) + 24/36 is divided by 14.
2
What is the remainder when (-2)/((-19)/((-14155)/(-10))) is divided by 5?
4
Suppose -r = 9 + 9. Let f = r - -32. Calculate the remainder when f is divided by 6.
2
Let c(a) = 5*a**2 + 15*a + 5. Let v be c(-6). Let l = v - 64. What is the remainder when 60 is divided by l?
29
What is the remainder when 249 is divided by (-32)/48*(-81*1)/3?
15
Let b = 37 - 25. Let x = 9 + 50. What is the remainder when x is divided by b?
11
Let x be (-2)/7 - 200/35. Suppose z - 5*y = 8, 3*y + 0*y + 106 = 5*z. What is the remainder when z is divided by (4 - 44/8)*x?
5
Let y(j) = 18 + 5*j + 16 - 56 + 16. What is the remainder when 33 is divided by y(6)?
9
Suppose 6*u - 71 - 91 = 0. Calculate the remainder when u is divided by 4.
3
Let k(y) = -y**2 + 2*y + 80. What is the remainder when 388 is divided by k(-7)?
14
Suppose -p = -6*p + 1100. Suppose -2*l + p = 9*l. Calculate the remainder when 38 is divided by l.
18
Let h(y) = -2*y + 2*y**2 - y**2 - 33 + 43. Calculate the remainder when 47 is divided by h(-3).
22
Suppose 0 = 4*z, 7*d + 3*z - 36 = 4*d. Calculate the remainder when d is divided by 7.
5
Let h(c) = -c**2 + 8*c + 1. Let g be h(6). Suppose -3*r + g - 7 = 0. Calculate the remainder when 24*-10*r/(-16) is divided by 16.
14
Let s(z) = -z**3 - 4*z**2 - 4*z - 29. Calculate the remainder when 189 is divided by s(-6).
55
Suppose 2*m + m = -3*v - 42, -3*v = -5*m - 54. Calculate the remainder when 30 is divided by (-4)/((((-6)/2)/m)/(-1)).
14
Let j = -104 - -150. Calculate the remainder when j is divided by 2 + 13 - -3 - 1.
12
Let l = -412 + 434. Let o(b) = -b**3 + 1. Calculate the remainder when o(-4) is divided by l.
21
Let l = 185 + 81. Suppose 0 = -7*z - 0*z + l. What is the remainder when z is divided by 20?
18
Suppose 83*s = 87*s - 144. Calculate the remainder when s is divided by 52/5 + 4/(-10).
6
Let s = 35 + -24. Suppose 526 = 18*o - 248. What is the remainder when o is divided by s?
10
Let r(c) = -c**3 + 5*c**2 + 42*c - 12. What is the remainder when r(-6) is divided by 37?
21
Let y = 5 - 0. Let x be -1*237/(2 - y). Calculate the remainder when (x/(-2))/(6/(-12)) is divided by 16.
15
Suppose 27 = -4*r + 135. Suppose r = 2*o + 11. Suppose u = o + 18. Calculate the remainder when 50 is divided by u.
24
Let z(n) = -6*n + 5. Let r(u) = 3*u - 3. Let y be ((-20)/4)/(1/(-1)). What is the remainder when z(-3) is divided by r(y)?
11
Suppose 274 + 241 = 5*y. Suppose 5*l - y = 22. Calculate the remainder when 97 is divided by l.
22
Let u(x) = -2*x**2 - 4*x + 2. Let d be u(-4). Let l = d - -18. Suppose 2*i - 3*i + l*y + 6 = 0, -4*i = 5*y - 66. What is the remainder when 39 is divided by i?
11
Let z = 43 + -27. Let f = z - 9. Let j = 63 + f. Calculate the remainder when j is divided by 24.
22
Let z = 151 - 129. Suppose 3*b = 297 + 81. Calculate the remainder when b*((-6)/(-4) - 1) is divided by z.
19
Let a(f) = 8*f + 5*f - 3 - 6 - 12*f. Let b be a(7). What is the remainder when 137/2 - b/(-4) is divided by 18?
14
Suppose q + 0 = 5. Suppose -181*x - 5*b = -184*x + 52, 3*b - 21 = -4*x. Calculate the remainder when x is divided by q.
4
What is the remainder when 107 is divided by 9 + -1 + (2 - (-5)/(-5))?
8
Suppose 9*d = -231 + 1167. Calculate the remainder when d is divided by 21.
20
Let h = -1327 - -1396. What is the remainder when h is divided by 16?
5
What is the remainder when (-1 - (-455)/21)*3/2 is divided by 10?
1
Let k be (-8)/72 + (-323)/9. Let s = k - -78. Let i = 2 - -13. What is the remainder when s is divided by i?
12
Let r(z) = z - 10. Let g be r(12). Suppose -h = -3*h + g. Suppose -t + 28 = -h. Calculate the remainder when t is divided by 10.
9
Suppose -5*s - 4*k - 50 = 0, 2*s - k + 4 + 16 = 0. Let p = s - -13. Calculate the remainder when 58 is divided by ((-10)/(-4))/(p/18).
13
Suppose 440 = -7*s + 18*s. What is the remainder when 518 is divided by s?
38
Suppose 3805 - 490 = 17*p. What is the remainder when p is divided by 12?
3
Suppose -3*s + 81 - 9 = 0. What is the remainder when 1/(-9) - 73560/(-1080) is divided by s?
20
Let t(m) = -m**2 - 3*m. Let n be t(-4). Let v(i) = -5*i. Suppose s - 156 = -s. Calculate the remainder when s is divided by v(n).
18
Let c = -216 - -218. Calculate the remainder when c is divided by 1.
0
Let c(l) = l**2 - 2*l - 4. Let g = 786 - 732. What is the remainder when g is divided by c(5)?
10
Let f(i) = i**3 - 16*i**2 + 16*i - 13. Let o be f(15). Suppose 85 = b - o*k, -b + k + 88 = -2*k. What is the remainder when b is divided by 21?
16
Let b(q) = -q**3 - 5*q**2 - q - 2. Let a be b(-8). Suppose -5*f + 2*f = -a. Suppose f = 2*s - 58. What is the remainder when s is divided by 13?
10
Suppose -3*z + 24 = -2*z. Let m be (-20)/(-3)*z/20. Suppose -5*a + 12 = 3*v, 2*v + 2*a - m = -a. Calculate the remainder when 13 is divided by v.
1
Suppose -27*q - 6*q + 759 = 0. Calculate the remainder when 388 is divided by q.
20
Suppose 5*b = -a + 85, 4*a + 3 - 37 = -3*b. Suppose -2*d = -3*d + 10. What is the remainder when b is divided by d?
8
Let f(d) = 4*d - 6. Let q be f(8). Suppose 5*l - 92 = -0*l - j, 0 = l + 4*j - q. What is the remainder when 105 is divided by l?
15
Let o = 53 - 62. What is the remainder when 116 is divided by o/(-2)*((-256)/(-24) + -4)?
26
Let j(k) = k**3 - 29*k**2 - 62*k + 10. Calculate the remainder when (1053/12)/(-3)*-4 is divided by j(31).
7
Let y(d) = 2*d**2 + 6*d - 3. Let u(i) = i**2 + 3*i - 2. Let l(n) = 5*u(n) - 2*y(n). What is the remainder when 88 is divided by l(4)?
16
Let w be (20/(-8) - -2)/(3/246). Let g = 94 + w. Calculate the remainder when g is divided by 15.
8
Let b = 10 + -7. Suppose 3*s - 21 + b = 0. Suppose 3*h = s + 36. What is the remainder when 26 is divided by h?
12
Suppose -t + 0 = -5, 3*t = -s + 93. Suppose -5*c + 93 = -0*u + 2*u, s = 4*c - 2*u. What is the remainder when c is divided by 11?
8
Suppose 0*a = 3*b - 2*a - 173, 0 = -4*b + 2*a + 232. Calculate the remainder when b is divided by 10.
9
Suppose 17*i = 13*i - 3*w + 80, -5*w + 20 = 0. What is the remainder when 232 is divided by i?
11
Suppose -5*h + 71 = 26. What is the remainder when 24 is divided by h?
6
Suppose 4*a + 660 = 4*d - 2*d, 3*a + 2*d + 488 = 0. Calculate the remainder when (a/3)/(10/(-15) + 0) is divided by 28.
26
Suppose j + 2*v = 140, 3*j + j = 4*v + 536. What is the remainder when j is divided by 24?
16
Let r(c) = -c + 1. Let f be r(1). Suppose -237 = -3*n - 228. What is the remainder when 11 is divided by (f - 2)*(-6)/n?
3
Suppose -99 = 2*f - 5*f. Suppose 0 = -8*g + 5*g + f. Suppose o = 3, 4*b - 135 = 4*o - 31. What is the remainder when b is divided by g?
7
Let r = 1395 + -628. What is the remainder when r is divided by 12?
11
Let t be (-4 - (2 - 7))*-95. Let d = -14 - t. Suppose 0 = 3*m - d - 48. What is the remainder when m is divided by 15?
13
Suppose 12380 = 35*l + 2685. What is the remainder when l is divided by 8?
5
Let g(c) = -c**2 - 16*c + 162. Calculate the remainder when 34 is divided by g(-23).
0
Let r(y) = -19*y - 9. Let o be r(-7). Suppose -16*m + o = -12*m. Calculate the remainder when m is divided by 9.
4
Suppose 2*p = -4*x + 54, 4*p + 42 - 120 = -2*x. Let s = p + 4. Let h = 115 + -104. Calculate the remainder when s is divided by h.
10
Let z = -28 + 45. Suppose -3*j - 2*n + 5*n = -84, -86 = -3*j + 2*n. Calculate the remainder when j is divided by z.
13
Suppose -2*h + 10 = -y + 3*h, 5*h = -2*y + 25. Suppose 213 = 2*i - y*i. Let z = i - -110. Calculate the remainder when z is divided by 20.
19
Let k = 78 + -64. Calculate the remainder when (-10)/20 - (2 + (-137)/2) is divided by k.
10
Let d(k) = -70*k**3 + k**2 + k + 1. Let m be d